q = -7. Let c = d - -114. Calculate the remainder when c is divided by 30.
25
Let b(k) = 128*k**2 - 568*k - 44. Calculate the remainder when b(-9) is divided by 93.
91
Let d(b) = 1404*b + 11285. What is the remainder when 1638 is divided by d(-8)?
48
Let l be 63*4*1*(-1)/4. Let j = 139 + l. Calculate the remainder when j is divided by 39.
37
Let o = -2786 - -2788. Let x(h) = h**3 - 3*h**2 - 2*h + 3. What is the remainder when x(4) is divided by o?
1
Let n be 8/(-68) + 1442/119. Suppose 2*v = 5*m + 38, -2*m - n = m. Suppose 0 = -3*u - u + 52. Calculate the remainder when u is divided by v.
4
Let u be 20/160 - 57/8. Calculate the remainder when (4 - u)*(-612)/(-18) is divided by 21.
17
Suppose -5*m + 14 = 3*p, -m + p = 6*p + 6. Let k be 12/9*6/m. Let h(l) = 12*l - 7. Calculate the remainder when h(k) is divided by 5.
2
Suppose 2*z - 1178 = -4*v, z - 4*v - 54 - 511 = 0. Let j = z + -465. Calculate the remainder when j is divided by 9.
8
Suppose 21 = 339*o - 93*o - 18675. Calculate the remainder when 379 is divided by o.
75
Let f = -354 - -367. Suppose i + 127 = 3*g + 33, 4*i + f = g. What is the remainder when g is divided by 10?
3
Let j(y) = -222*y - 83. What is the remainder when j(-1) is divided by 112?
27
Let s = -2397 - -308. Let v = s + 3309. Calculate the remainder when v is divided by 94.
92
Suppose -4 = -3*l - l. Let w = 7 - l. Calculate the remainder when ((195/10)/1)/((-3)/(-8)) is divided by w.
4
Suppose 88*d = 19251 + 27213. What is the remainder when d is divided by 91?
73
Let c = 505 - 78. Calculate the remainder when c is divided by ((-66)/198)/(1/(-117)).
37
Let b = 6845 + -6830. Suppose 12 = 4*k - 20. Calculate the remainder when b is divided by k.
7
Let f = 332 + 283. Suppose f = 18*o - 3*o. Let z = 39 + -24. Calculate the remainder when o is divided by z.
11
Suppose 27 + 1 = q + 5*n, 0 = q - 2*n - 56. Let u = q - 36. Suppose -4*i + 36 = -3*l, u = 3*i - 3*l - 15. Calculate the remainder when i is divided by 5.
4
Let z = -3035 + 10828. What is the remainder when z is divided by 14?
9
Suppose 71*r = -297*r + 64372 + 504188. What is the remainder when r is divided by 16?
9
Suppose 4*l - 5*x = 65, -l + 2*x - 40 = -6*l. Suppose 0 = z - l - 4. What is the remainder when 67 is divided by z?
11
Let w = -324 + 344. Let l(a) = 7*a**2 + 4*a - 3. What is the remainder when l(2) is divided by 26 - (10 - (-1)/((-4)/w))?
12
Suppose 85 - 4 = k. Suppose -j + 4*c - 3*c + 36 = 0, 173 = 5*j - 4*c. What is the remainder when k is divided by j?
23
Let b(k) = 117*k + 10733. Let d(g) = 6*g + 2. Calculate the remainder when b(-90) is divided by d(4).
21
Calculate the remainder when (2/(-6))/(7 + (-86470)/7860 + 4) is divided by 124.
14
Suppose h - 2*y + 5 = 0, 0 = h - 5*y + 5 + 6. Let o(b) = 6*b + 1. Let q(g) = g. Let t(w) = h*o(w) + 4*q(w). Calculate the remainder when t(-1) is divided by 1.
0
Suppose 3*y - 198 + 3 = 0. Let t(d) = -25*d - 9. Let h be t(-2). Let j = y - h. Calculate the remainder when j is divided by 8.
0
Suppose 81*z - 84*z = x - 2149, -2*z = -4*x + 8540. Calculate the remainder when x is divided by 107.
104
Let v(u) = u**3 - 135*u**2 - 125*u - 1169. What is the remainder when v(136) is divided by 3?
0
Let n = 5411 + -5304. Calculate the remainder when n is divided by 28.
23
Let v(l) = 26*l**2 + 4*l + 9. What is the remainder when v(-2) is divided by 30?
15
Let s(d) = -333*d - 5983. What is the remainder when (-14)/(((-8)/3)/4) is divided by s(-18)?
10
Let l = -43 + 74. Let p = l + -19. Suppose 348*q = 331*q + 765. Calculate the remainder when q is divided by p.
9
Suppose 41*g = 9172 + 77297. Calculate the remainder when g is divided by 132.
129
Let w be 13872/21 + 8/(-14). Suppose -w = -39*g + 35*g - 4*m, 169 = g + 3*m. Calculate the remainder when g is divided by 21.
16
Let r(w) = w - 11. Let m be r(6). Let b(k) = k**2 + 2*k - 3. Suppose 84 = 3*v + 9 - 21. What is the remainder when v is divided by b(m)?
8
Let m be -2 - (-8 + 3 - 1). Let j be (12/m)/(6/14). Calculate the remainder when 68 is divided by (16/j - 4)*(-21 - 0).
32
Suppose 3*h - 4730 = -x, h - 152*x + 151*x = 1586. Calculate the remainder when h is divided by 268.
239
Suppose -385 = -25*k - 36*k + 54*k. What is the remainder when 2665 is divided by k?
25
Suppose 24*n - 7939 = 2237. Suppose -2*u = s + 3*s - 38, u + 3*s - 20 = 0. What is the remainder when n is divided by u?
16
Let k(w) = -w**2 - 3*w + 54. Let f be (-14)/49 - (-4)/14. What is the remainder when k(f) is divided by (2 - 1)/((-864)/(-171) + -5)?
16
Let q = -7976 + 7993. Calculate the remainder when q is divided by 9.
8
Let o = -35 - -54. Calculate the remainder when (135/(-20) - (-9)/12) + 100 is divided by o.
18
Suppose 35*p + 54*p - 111*p = -1584. What is the remainder when 25702 is divided by p?
70
Let h(y) = 2*y**2 + 23*y + 105. Let w(b) = 4*b**2 + b - 8. Let x be w(0). What is the remainder when h(x) is divided by 28?
21
What is the remainder when 1086800/171*6/28 + (-2)/(-21) is divided by 114?
108
Suppose 10*i + 9*i = 1159. Let l(m) = 37*m - 3. Let a be l(2). Suppose -a*q + 73*q - 64 = 0. Calculate the remainder when i is divided by q.
29
Suppose -8*a + 58 + 399 - 49 = 0. What is the remainder when 677 is divided by a?
14
Let c(s) = s + 143. Let a be c(0). Suppose 0 = 3*p - 9, -4*v - 17 = -2*p - a. What is the remainder when 197 is divided by v?
32
Suppose -3*n - 27 = 2*k, -27*n + 30*n + k = -27. Let g(a) = -5*a + 36. What is the remainder when g(n) is divided by 29?
23
Suppose 0 = 4*s - 30 - 22. Let q be ((-8)/(-6))/(6/9). Let x = q + 43. What is the remainder when x is divided by s?
6
Let u = 10 - 1. Suppose -10 = -124*f + 126*f. Let h(t) = 2*t + 15. What is the remainder when u is divided by h(f)?
4
What is the remainder when 809 is divided by -8*153*(-4)/48?
95
Calculate the remainder when -3 + (-1098)/(-10) + (-24)/(-20) is divided by (-2)/((-4)/(-152)*-4).
13
Let q(a) = -548*a + 63722. Calculate the remainder when q(116) is divided by -1 + -1 - -1 - -57.
42
Let j(q) = 9*q**3 + 5*q**2 - 37*q + 32. What is the remainder when 1596 is divided by j(1)?
3
Let x be 502/3 + (-9)/(27/(-2)). Suppose -5*f - 9 = -8*f, x = 3*t - 3*f. Calculate the remainder when t is divided by 32.
27
Let a(y) = -56*y + 2631. What is the remainder when a(17) is divided by 9?
5
Let w(i) = i**2 - 2*i - 82. Let t be w(0). Let z be 3730/40 - (-6)/8. Let k = z + t. What is the remainder when 21 is divided by k?
9
Suppose -3*q - 4*n + 2*n = 84, 0 = 4*q + 4*n + 108. Let o = q - -32. Suppose k + 53 = o*u - 24, k - 31 = -u. What is the remainder when 104 is divided by u?
32
Suppose -4*p - 17*p = -2588 + 89. Calculate the remainder when 593 is divided by p.
117
Suppose 57*g = 59*g. Suppose g*c = 2*c + 150. Let v = 81 - c. Calculate the remainder when v is divided by 40.
36
Let o(k) = -2*k**2 + 65*k + 7. What is the remainder when 10 is divided by o(0)?
3
Let d(k) = -39*k - 12. Let a be d(1). Calculate the remainder when 62 is divided by (0 - a) + (35 - 30).
6
Suppose -342*n + 210212 + 79804 = 0. What is the remainder when 2547 is divided by n?
3
Suppose 0 = 4*p - 48 + 4. Suppose -2*t = -3*d - 0*t + 32, 2*d - 4*t = 32. Suppose 84 = 10*q - d*q. What is the remainder when q is divided by p?
9
Let m = -27 - -105. Suppose m = 5*f - 67. Suppose -53*w + 50*w + 249 = 0. What is the remainder when w is divided by f?
25
Suppose 6 = 2*w, 5*w - 341 = -2*b + 2*w. Suppose 17 = u + 2*g, 0 = -3*u - 4*g + 2*g + 59. What is the remainder when b is divided by u?
19
Let x(f) = 6*f - 147. Let d(a) = 3*a - 59. Let j(n) = 12*d(n) - 5*x(n). Suppose 30 = -0*r + 3*r. Calculate the remainder when j(2) is divided by r.
9
Let q be (-3)/(2/(-24)*3). Let i be (q/(-10))/((-3)/90). Suppose 5*k - i = 119. Calculate the remainder when k is divided by 11.
9
Calculate the remainder when ((-15)/55)/(1/(-1111)) is divided by 156.
147
Let a = -15 + 51. Suppose -4*h + 96 = 4*w, 2*w + h + a = 4*w. Suppose 4*t = -4, f - 6*t - w = -t. Calculate the remainder when 42 is divided by f.
12
Let n = -266 + 376. Suppose 11*m + n = 517. Calculate the remainder when m is divided by 17.
3
Calculate the remainder when 80668/12 + 84/(-63)*2/(-4) is divided by 118.
115
Let d(f) = 31*f**2 + 2057*f + 2058. Let i = -2 - -3. Calculate the remainder when d(-1) is divided by 18 + 0 + 1/i.
13
